he highest common factor of f and 3?
3
Let a be (463 - -1)/(7 + -9 + 1). Let d = -418 - a. Calculate the greatest common factor of d and 598.
46
Let p(o) = 2*o**2 - 12*o - 40. Let g be (-1 + 7)*(-18)/27. Let f be p(g). Calculate the greatest common factor of f and 360.
40
Let r(g) = -2*g**2 - 5*g + 5. Let m be r(0). Suppose n = -2*b + 182 + 13, 4*n + 468 = m*b. Calculate the highest common factor of 6 and b.
6
Let r(h) = 71*h + 5. Let u be r(5). Suppose 2*t - u = -2*t. Let z = -1271 + 1307. What is the highest common divisor of t and z?
18
Let b(d) = d**3 + 2*d**2 - 12. Let a be b(5). Let c = -64 + a. Suppose 21*m - c = 18*m. Calculate the highest common divisor of 3 and m.
3
Let q be 2*(-3 + 15/10) + -5. Let c be 4/8 + ((-820)/q)/5. Calculate the greatest common factor of c and 336.
21
Suppose -3*s - 135 = -k, -7*k + 2*k + 743 = 2*s. Let z = k - 94. Calculate the greatest common factor of 53 and z.
53
Let s(d) = 2*d**2 + 21*d - 36. Let b be s(-12). Suppose -t = -2*f - 76, -5*t + 11*f - 10*f + 353 = b. What is the highest common divisor of 30 and t?
10
Let b = 68 - 126. Let n = -20 - b. Let h = -140 + 178. What is the highest common divisor of n and h?
38
Suppose 20*o - 55043 = 97057. What is the highest common divisor of o and 90?
45
Let k be ((-4)/(-12))/(9/1161). Suppose k*o = 50*o - 945. What is the greatest common factor of 27 and o?
27
Suppose -429 - 293 = -265*z + 246*z. Calculate the highest common divisor of 10 and z.
2
Suppose 0*x = -3*x - 3*v + 129, -3*x = 2*v - 134. Let q(a) = 5*a**3 + 123*a**2 - 51*a + 47. Let r be q(-25). Calculate the greatest common factor of r and x.
24
Let d = 4580 + -4480. Calculate the greatest common factor of d and 1220.
20
Let o = 213 + -181. Suppose 7*u = 23*u - o. Calculate the highest common factor of u and 7.
1
Let d be -2 + (2 - (3 - -101)). Let i = 124 + d. Calculate the greatest common divisor of i and 500.
20
Let x = -1092 + 1244. Calculate the greatest common factor of x and 1368.
152
Suppose -b + 758 = -5*c - 758, 4*b - c - 5969 = 0. Calculate the highest common divisor of 355 and b.
71
Let c be ((-45)/3 + 4)*8. Let x = -51 - c. Suppose 4*b = x - 17. What is the greatest common divisor of b and 35?
5
Suppose -3*s = -4*n - 102, -4*s + 2*n + 51 = -95. Let i = 2648 + -2610. What is the greatest common divisor of s and i?
38
Suppose 53*u = 130*u - 5390. What is the greatest common divisor of u and 371?
7
Let o = -379 - -387. Suppose -o*s + 408 = 9*s. What is the highest common factor of s and 40?
8
Suppose 3*d + 2*d = z + 111, -3*z = -3*d + 57. Suppose -737*y + 4020 = -666*y - 879. Calculate the greatest common factor of y and d.
23
Let y be 18*(21/14 + 0). What is the highest common divisor of y and 4374?
27
Suppose 4*c - 5*c + 24 = 0. Let m be c/(-10)*15/(-2). Suppose -4*t = -2*x - 572, 3*x + 552 = 4*t - 18. Calculate the highest common divisor of t and m.
18
Suppose 0 = -2*s - 5*r - 409, -2*r - 3*r + 419 = -2*s. Let k = 357 + s. Let y(d) = d**2 + d + 10. Let x be y(0). What is the greatest common divisor of x and k?
10
Let y = -1668 - -1675. Calculate the highest common factor of 63 and y.
7
Let i be (((-180)/4)/(-3))/((-3)/2). Let v(r) = -2*r + 28. Let a be v(i). Calculate the greatest common factor of a and 12.
12
Let c(g) = 6*g**3 - 4*g**2 + 2*g. Let k be c(2). Let a be 390/40*8/6. Suppose 288 = a*b - b. Calculate the greatest common factor of b and k.
12
Suppose -21 = -5*d + 4, 21 = 2*a + d. Let n(c) = 383*c + 95370. Let v be n(-249). What is the greatest common divisor of a and v?
1
Let p be (20 + 369/(-27))/((-2)/(-456)). What is the greatest common factor of p and 4?
4
Let g be (-2 - (-48)/15)/(9/960). Calculate the greatest common factor of g and 232.
8
Suppose 0 = -8*g - 28 + 100. Suppose u + 128 = g*u. What is the highest common divisor of 144 and u?
16
Let g be (2 - (-145)/(-10))/((204/24)/(-17)). Let u(q) = 31*q**2 + 1. Let a be u(-2). Calculate the greatest common factor of a and g.
25
Let i(k) = -69*k**3 - k**2 - k + 1. Let t be i(-2). Suppose 365 = 32*x - 563. What is the greatest common factor of t and x?
29
Let u = 7061 + -4027. What is the highest common divisor of 74 and u?
74
Suppose 548 = 11*a - 827. Suppose -34 - a = 3*m. Let x = 78 + m. Calculate the highest common divisor of x and 25.
25
Let a be 1/(2 + (3 - 4)) + 13. Suppose v + 101*d - 228 = 103*d, 0 = -v - 5*d + 214. Calculate the greatest common divisor of v and a.
14
Let j(t) = -31 - 21*t**2 + 54 - t**3 - 22*t + 58. Let l be j(-20). What is the greatest common factor of l and 55?
11
Let k(n) = 2*n**2 + 72*n + 2. Let d be k(29). Calculate the highest common divisor of 410 and d.
82
Suppose 5*r + 978 = 4*i, 4*i - i - 751 = -5*r. Let d = -230 + i. Calculate the greatest common factor of d and 2.
1
Suppose 258*n - 7821 - 29085 + 7236 = 0. Calculate the highest common factor of 552 and n.
23
Let n = 281 - 462. Let a = -178 - n. Calculate the greatest common factor of 165 and a.
3
Let o(v) = 4*v - 3. Let b be o(2). Suppose -2*z - 3*u + 71 = 0, -5*z + 36*u = 38*u - 139. What is the highest common divisor of z and b?
5
Suppose -104*c + 107*c - 2928 = 0. Let h = 5312 + -5251. Calculate the greatest common divisor of h and c.
61
Let k = 15 + -50. Let q be (5 + k/10)*2. Suppose -q = 4*m - 31. What is the greatest common divisor of 105 and m?
7
Let x = -806 + 2060. What is the highest common factor of 1122 and x?
66
Let p be (-236 + 217)*1*(-1 - 0). Let t be 3 - (-3 + 3)/(-1). Suppose 2*f - p - t = -3*s, 3*s = -3*f + 27. What is the highest common divisor of 32 and s?
4
Let r be -2 - (-15)/2*54. Let u = r - 79. Let b be (-18 - -19) + (-8)/6 + (-1853)/(-51). Calculate the greatest common factor of u and b.
36
Suppose 3*h - 3 = 2*h. Let v be (16/h)/(1/66). Suppose 416 = -63*z + 76*z. Calculate the highest common factor of z and v.
32
Let w = 1855 - 1852. What is the greatest common factor of 16 and w?
1
Let m = -2348 + 2369. Calculate the highest common divisor of m and 4137.
21
Let t = 9470 + -9400. What is the highest common divisor of t and 330?
10
Suppose -5*f - 2*t = -13082, -4*t + 9*t = -20. What is the greatest common factor of f and 44?
22
Let r(y) = -y + 2. Let k be r(10). Let t be (-5 + 1)*k/(-16) + 24. Let i = 33 - t. What is the greatest common factor of 1 and i?
1
Let y(f) = 22*f + 318. Let x be y(7). What is the greatest common factor of 8 and x?
8
Suppose 81 = 13*n - 374. Suppose 0 = -2*s - 4*g - 46, 2 = s - g + 13. Let m be (s/(-10))/(62/56 - 1). Calculate the greatest common divisor of m and n.
7
Suppose -3*h + 19 = 1. Suppose 10*t = h*t + 16. Let b be 4 + (t - -78) - 4/(-2). What is the highest common factor of 8 and b?
8
Suppose 0 = -4*i - 3*c + 4728, 20*i - 16*i = -c + 4736. Calculate the highest common factor of i and 15.
15
Suppose -2*x + 1066 = 2*i, 4*i - 7*x - 646 - 1420 = 0. What is the greatest common factor of 136 and i?
17
Let o(g) = -g**3 - 15*g**2 - 39*g + 1. Let y be o(-13). Let k = 174 - y. What is the greatest common factor of k and 34?
2
Let r(x) = -6*x + 4 + x - 1 - 5. Let w be r(-6). Suppose 31*d + 165*d = -1198 + 14918. Calculate the greatest common divisor of d and w.
14
Suppose -4151 - 3675 = -43*s. Suppose 39*h - 46*h + s = 0. Let n(c) = -64*c**3 + 1. Let f be n(-1). What is the highest common divisor of f and h?
13
Let n(m) = m**2 + 8*m - 25. Let g be (3 + -14 + -2)*7/7. Let u be n(g). Calculate the highest common divisor of u and 40.
40
Let b = -172 + 179. Let i = 740 - 733. What is the greatest common factor of i and b?
7
Let s(n) = 1156*n - 3435. Let k be s(3). What is the greatest common divisor of 345 and k?
3
Let d(n) = -12*n + 342. Let x be d(15). What is the greatest common factor of x and 738?
18
Suppose -35*c + 28*c = -21. Suppose 5*r = a - 63, -6*a + c*r + 91 = -4*a. What is the greatest common divisor of a and 266?
38
Let r(i) = -197*i + 91. Let k be r(-9). Calculate the highest common divisor of 8 and k.
8
Suppose 1260 = -15*x + 2744 + 3451. Calculate the highest common divisor of x and 752.
47
Let l = 14080 - 13226. Calculate the greatest common divisor of 98 and l.
14
Let a be (-551)/(-4) - -25*(-19)/(-380). Calculate the highest common divisor of 19043 and a.
139
Suppose 6*g - 1 = -55. Let n(q) = -q**2 - 17*q + 26. Let l be n(g). What is the greatest common factor of l 